23?
False
Is 20472001 a multiple of 30?
False
Does 1293 divide 25655706?
True
Is 181 a factor of 6259488?
False
Is 789 a factor of 62681947?
False
Does 29 divide 78349387?
True
Is 33419190 a multiple of 683?
True
Is 6 a factor of 23728728?
True
Does 1055 divide 32827380?
True
Does 3 divide 190195652?
False
Is 13 a factor of 334097356?
False
Does 76 divide 544222244?
True
Does 91 divide 26266503?
False
Does 4021 divide 329921711?
False
Is 196086618 a multiple of 63?
True
Is 847 a factor of 1635263938?
True
Does 74 divide 144105750?
True
Does 225 divide 149317875?
True
Is 14718904 a multiple of 3?
False
Does 639 divide 752685129?
True
Does 268 divide 27809927?
False
Is 110605223 a multiple of 1912?
False
Is 77261492 a multiple of 8?
False
Does 317 divide 7476762?
True
Is 100 a factor of 26620400?
True
Is 798 a factor of 2681857?
False
Is 106 a factor of 147525124?
False
Is 26468934 a multiple of 5?
False
Is 1093325488 a multiple of 58?
False
Does 30 divide 611912040?
True
Is 7 a factor of 28240569?
True
Does 2318 divide 36507245?
False
Is 585 a factor of 237165431?
False
Is 17559878 a multiple of 7?
True
Is 7 a factor of 1259282206?
True
Is 75838815 a multiple of 1185?
True
Does 185 divide 1775314945?
True
Is 133853442 a multiple of 262?
True
Is 45939440 a multiple of 40?
True
Does 201 divide 90642357?
True
Is 28325682 a multiple of 50?
False
Does 111 divide 36305320?
False
Is 4590855 a multiple of 45?
True
Is 45 a factor of 560888010?
True
Is 1122 a factor of 31045342?
False
Is 361 a factor of 92754979?
True
Is 283944819 a multiple of 214?
False
Is 81 a factor of 1314771901?
False
Is 9999806 a multiple of 6?
False
Is 115 a factor of 311859645?
True
Is 5 a factor of 597966157?
False
Is 8700370 a multiple of 284?
False
Is 472409520 a multiple of 110?
True
Is 175 a factor of 158920300?
True
Is 65575808 a multiple of 64?
True
Is 33 a factor of 91080484?
False
Is 109650750 a multiple of 250?
True
Does 3113 divide 1021051548?
True
Is 362 a factor of 60093086?
True
Is 12 a factor of 109836852?
True
Does 20 divide 400296260?
True
Does 30 divide 54588625?
False
Is 588750428 a multiple of 14?
True
Is 1291 a factor of 872928812?
False
Does 25 divide 248264100?
True
Is 65737825 a multiple of 154?
False
Is 930 a factor of 51949341?
False
Is 2302999501 a multiple of 216?
False
Is 396 a factor of 14641704?
True
Does 3878 divide 50980188?
True
Does 19 divide 2225022757?
False
Is 677760440 a multiple of 35?
True
Is 286 a factor of 32454120?
False
Does 2522 divide 23033516?
False
Is 1152005 a multiple of 189?
False
Is 1832764072 a multiple of 4?
True
Is 212232636 a multiple of 2534?
True
Does 15 divide 2055514022?
False
Is 945303150 a multiple of 12?
False
Is 3 a factor of 1878666700?
False
Is 5 a factor of 61866000?
True
Does 9 divide 47457369?
True
Is 262639799 a multiple of 6?
False
Does 6 divide 3932502?
True
Is 463558343 a multiple of 1771?
False
Does 340 divide 61384783?
False
Is 318139598 a multiple of 238?
True
Is 35101110 a multiple of 15?
True
Is 25 a factor of 20323450?
True
Is 2326 a factor of 6293370190?
False
Is 62538203 a multiple of 130?
False
Does 22 divide 944218?
True
Is 93209079 a multiple of 969?
True
Is 838568868 a multiple of 6?
True
Is 152 a factor of 631453?
False
Does 11021 divide 3298415486?
False
Does 612 divide 64047636?
True
Is 965478832 a multiple of 491?
True
Is 6399225 a multiple of 9?
True
Is 421 a factor of 46128940?
False
Does 11 divide 168050102?
True
Is 22 a factor of 4736486295?
False
Is 7 a factor of 277232775?
False
Is 2559311 a multiple of 4629?
False
Does 5776 divide 288967180?
False
Does 120 divide 2162520?
True
Does 543 divide 310806684?
True
Is 11 a factor of 119537627?
True
Is 738238528 a multiple of 64?
True
Does 14 divide 109575210?
False
Does 1373 divide 1418503966?
True
Does 1027 divide 506209327?
True
Does 3954 divide 192952163?
False
Does 190 divide 238226354?
False
Does 37 divide 746210136?
False
Is 22 a factor of 40235528?
False
Is 258471362 a multiple of 587?
True
Is 6273 a factor of 1000493316?
True
Is 6 a factor of 22756998?
True
Does 123 divide 48422763?
True
Is 13 a factor of 6167187?
True
Is 83 a factor of 64311615?
False
Does 96 divide 392959130?
False
Is 1350605907 a multiple of 21?
True
Is 51 a factor of 361524057?
True
Is 2284643529 a multiple of 9093?
True
Is 23 a factor of 19914684?
False
Is 249 a factor of 369101415?
True
Is 28 a factor of 75303616?
False
Is 10 a factor of 1527400?
True
Does 5 divide 45896100?
True
Does 1817 divide 424712848?
True
Does 24 divide 2473663964?
False
Does 52 divide 4278326?
False
Does 9 divide 1900965033?
True
Is 947902356 a multiple of 12?
True
Is 16309161 a multiple of 55?
False
Is 172317168 a multiple of 1548?
True
Is 53634717 a multiple of 9?
True
Does 20 divide 137777360?
True
Is 95 a factor of 2106055879?
False
Is 743 a factor of 215919515?
True
Is 78856713 a multiple of 27?
True
Is 1303 a factor of 121883962?
False
Does 11 divide 64875965?
True
Does 14 divide 1585154802?
True
Is 101 a factor of 153694427?
True
Is 14 a factor of 471065630?
True
Is 5 a factor of 16085870?
True
Is 1187 a factor of 47365922?
False
Does 782 divide 4909170?
False
Is 40616781 a multiple of 1587?
False
Does 1289 divide 174253465?
True
Does 65 divide 2186080?
True
Is 295887696 a multiple of 2561?
True
Does 36 divide 10274177?
False
Is 328 a factor of 109266665?
False
Is 29803022 a multiple of 13?
False
Is 1998 a factor of 189146664?
True
Does 56 divide 31032624?
True
Does 16 divide 97981799?
False
Is 283273449 a multiple of 7041?
False
Does 44 divide 4487680793?
False
Is 17544332 a multiple of 13?
True
Does 7249 divide 1329655074?
True
Does 28 divide 65854233?
False
Does 4080 divide 209978076?
False
Is 8180 a factor of 1643353820?
True
Does 425 divide 116548175?
True
Does 798 divide 211579326?
True
Is 7 a factor of 78590705?
False
Is 2946108 a multiple of 22?
True
Does 28 divide 14960792?
True
Is 212 a factor of 9423824?
True
Is 76 a factor of 34703500?
True
Does 13 divide 88585466?
False
Is 54 a factor of 84320892?
True
Does 14 divide 295526241?
False
Does 57 divide 55228832?
False
Is 29 a factor of 39610375?
True
Is 2719094 a multiple of 2?
True
Is 25 a factor of 28206028?
False
Does 1159 divide 29639723?
False
Is 1161160196 a multiple of 45?
False
Is 245681784 a multiple of 158?
True
Is 33 a factor of 13447797?
True
Is 253 a factor of 55007260?
True
Is 83794851 a multiple of 974?
False
Is 16 a factor of 23558096?
True
Is 89 a factor of 8892079?
True
Is 1606735569 a multiple of 13?
False
Is 56817754 a multiple of 98?
True
Does 10 divide 257838960?
True
Is 1761048992 a multiple of 44?
False
Does 432 divide 8705620?
False
Does 41 divide 3865620?
False
Is 185 a factor of 12174764?
False
Is 2996968146 a multiple of 547?
True
Does 17 divide 31179026?
False
Does 8 divide 121998791?
False
Does 209 divide 6740649?
False
Does 35 divide 85523825?
False
Does 4 divide 43576824?
True
Does 13 divide 344297226?
True
Is 41559404 a multiple of 50?
False
Is 1276930644 a multiple of 6963?
True
Is 32 a factor of 51646963?
False
Is 34 a factor of 6010588?
True
Does 5796 divide 2100528360?
True
Does 603 divide 171918483?
False
Is 169 a factor of 5379231?
False
Is 4961460 a multiple of 420?
True
Does 122 divide 419095010?
True
Does 14 divide 17994494?
True
Is 256833525 a multiple of 39?
True
Does 28 divide 1678108088?
False
Is 68 a factor of 66829992?
True
Is 619 a factor of 144952362?
False
Is 1193675562 a multiple of 1158?
False
Does 2 divide 16819039?
False
Is 773382316 a multiple of 28?
True
Does 21 divide 33184799?
False
Is 22372789 a multiple of 801?
False
Is 430 a factor of 6696390?
True
Does 74 divide 1227841285?
False
Is 73 a factor of 3425015?
False
Does 530 divide 147492640?
True
Is 11 a factor of 9404406?
True
Is 4220139 a multiple of 21?
True
Is 527244121 a multiple of 3676?
False
Is 1468 a factor of 54747166?
False
Is 1171907438 a multiple of 1404?
False
Is 101 a factor of 40185375?
True
Does 385 divide 49144095?
True
Does 41 divide 14346351?
True
Does 663 divide 417653579?
False
Does 46 divide 66753080?
False
Does 68 divide 258905784?
True
Does 2616 divide 15246048?
True
Does 24 divide 47641284?
False
Does 23 divide 275333?
True
Is 16 a factor of 591413406?
False
Is 653085018 a multipl